mber?
True
Is 226236761 prime?
True
Is 8317121 a composite number?
False
Is 2502133 prime?
True
Is 27637537 prime?
True
Is 6112969 a prime number?
True
Is 176175485 composite?
True
Is 8954951 a composite number?
False
Is 5860819 a prime number?
False
Is 8311207 a composite number?
True
Is 288829 a prime number?
False
Is 29950913 a prime number?
True
Is 225840379 a composite number?
False
Is 1616761301 a prime number?
True
Is 46532173 prime?
True
Is 58531467 a prime number?
False
Is 4101217 a composite number?
True
Is 950280907 a composite number?
False
Is 7539736553 prime?
True
Is 24075901 prime?
False
Is 28777907 a composite number?
True
Is 544499 composite?
True
Is 11836067 prime?
True
Is 3330863 a prime number?
True
Is 1436345 composite?
True
Is 13741379 a prime number?
True
Is 114217409 composite?
True
Is 157803787 a composite number?
False
Is 34502807 a prime number?
True
Is 3701033 prime?
False
Is 290060339 a prime number?
True
Is 1827479 a composite number?
False
Is 70253 prime?
False
Is 355547 composite?
True
Is 54441994 a composite number?
True
Is 40220029 prime?
False
Is 54211907 a composite number?
True
Is 8541941 a composite number?
False
Is 62937943 a prime number?
True
Is 12815149 a composite number?
False
Is 113600807 prime?
True
Is 2561017 prime?
True
Is 597127 prime?
True
Is 242416567 a prime number?
True
Is 8301129 a composite number?
True
Is 453048961 a prime number?
False
Is 18033089 a prime number?
False
Is 30748283 composite?
False
Is 18151697 a composite number?
True
Is 46452097 prime?
True
Is 97098559 composite?
True
Is 17941973 a composite number?
True
Is 75500549 a prime number?
False
Is 6938147 a prime number?
True
Is 8664742 prime?
False
Is 49730819 a composite number?
True
Is 5317517 prime?
True
Is 557597 a prime number?
False
Is 2953859 prime?
True
Is 1423777 composite?
True
Is 6101773 a prime number?
True
Is 74347537 a composite number?
True
Is 39197463 prime?
False
Is 562783733 a prime number?
False
Is 29278453 a composite number?
True
Is 2350753 prime?
True
Is 1414923 a composite number?
True
Is 249989 prime?
True
Is 82774501 prime?
True
Is 380483 prime?
True
Is 10352029 composite?
False
Is 473857 composite?
False
Is 372463111 prime?
True
Is 21501019 a composite number?
True
Is 19663729 prime?
True
Is 6488939 a prime number?
True
Is 35585105 a prime number?
False
Is 2285059 prime?
False
Is 64457689 composite?
True
Is 90737773 a composite number?
True
Is 532915603 composite?
True
Is 14203231 a prime number?
False
Is 17720533 composite?
False
Is 27128723 a composite number?
False
Is 27256205 a prime number?
False
Is 23227099 a composite number?
True
Is 5312407 composite?
True
Is 221021 prime?
True
Is 2877233 a prime number?
False
Is 34143581 a composite number?
False
Is 2553017 composite?
False
Is 2384471 composite?
True
Is 90623815 a composite number?
True
Is 3362677 prime?
False
Is 8291746 a composite number?
True
Is 76478011 a composite number?
False
Is 43918417 a composite number?
False
Is 63918661 prime?
True
Is 5234081 composite?
False
Is 5671361 a composite number?
False
Is 10555529 composite?
True
Is 6860977 a prime number?
True
Is 214162237 composite?
False
Is 2436031 composite?
True
Is 108607039 a prime number?
True
Is 23548367 a composite number?
False
Is 125453 prime?
True
Is 771427 prime?
True
Is 150668521 prime?
False
Is 103332211 a prime number?
True
Is 1058911 prime?
False
Is 261361427 a prime number?
False
Is 18107303 a prime number?
True
Is 6985223 a prime number?
False
Is 1141079 prime?
False
Is 238149313 prime?
True
Is 31265723 composite?
False
Is 3775169 a prime number?
True
Is 1591939 composite?
True
Is 15968903 a composite number?
False
Is 28369891 a composite number?
True
Is 20131 a prime number?
False
Is 31106623 composite?
False
Is 8168357 prime?
True
Is 7373098 a composite number?
True
Is 1302131 a prime number?
False
Is 22669111 composite?
True
Is 2745541 a prime number?
True
Is 2706559 prime?
True
Is 215465 composite?
True
Is 4581067 a composite number?
False
Is 7844011 a composite number?
True
Is 10797629 a prime number?
False
Is 16708013 a composite number?
True
Is 96543955 prime?
False
Is 3479303 a composite number?
False
Is 20942182 composite?
True
Is 9500203 a prime number?
False
Is 52259257 composite?
False
Is 108938597 composite?
False
Is 525023885 prime?
False
Is 124171049 a prime number?
True
Is 399242 a composite number?
True
Is 6416903 a composite number?
False
Is 8049607 prime?
True
Is 3891179 a composite number?
True
Is 180888047 prime?
True
Is 24585061 prime?
False
Is 70568941 a prime number?
True
Is 6996461 a prime number?
True
Is 3236807 a composite number?
True
Is 20378161 a prime number?
False
Is 6070901 a composite number?
False
Is 13184711 composite?
True
Is 1071991 prime?
True
Is 26719093 a prime number?
True
Is 1498073 a prime number?
True
Is 77179511 a composite number?
True
Is 70325419 composite?
True
Is 60990331 a prime number?
True
Is 85884497 a prime number?
True
Is 29049707 prime?
True
Is 1193107 a composite number?
False
Is 34837897 prime?
False
Is 34780591 composite?
False
Is 5274701 prime?
True
Is 17109707 prime?
False
Is 25447733 a composite number?
False
Is 32467 prime?
True
Is 3627931 a composite number?
False
Is 3234373 composite?
False
Is 313995131 prime?
True
Is 11114593 a composite number?
True
Is 13492873 a prime number?
True
Is 9068699 prime?
False
Is 122267 composite?
False
Is 506112017 a prime number?
False
Is 727211 a prime number?
True
Is 9037201 prime?
True
Is 769073 a composite number?
False
Is 10830461 prime?
True
Is 50778041 prime?
False
Is 3466318 a prime number?
False
Is 333533 a prime number?
True
Is 2542769 a prime number?
False
Is 9007379 composite?
True
Is 176820353 composite?
False
Is 3169007 a prime number?
True
Is 462403 a prime number?
False
Is 1053671 composite?
True
Is 123343 a composite number?
True
Is 8646439 a prime number?
False
Is 7228691 composite?
False
Is 3572081 a prime number?
False
Is 26994829 a composite number?
False
Is 730965059 composite?
True
Is 918249 a composite number?
True
Is 21872369 a prime number?
True
Is 1834721 composite?
True
Is 38243993 prime?
False
Is 5754849 a prime number?
False
Is 6964907 a prime number?
True
Is 10341251 a composite number?
True
Is 228237457 composite?
True
Is 1161313 prime?
True
Is 3686071 a prime number?
True
Is 22777097 a prime number?
False
Is 381181583 prime?
True
Is 224529 composite?
True
Is 12238123 a prime number?
False
Is 14578691 a composite number?
False
Is 193911083 a composite number?
False
Is 144634657 prime?
False
Is 4822537 a prime number?
False
Is 22655909 a prime number?
True
Is 32356673 a prime number?
True
Is 255043 composite?
False
Is 215888047 prime?
True
Is 119671 a composite number?
False
Is 6413117 a composite number?
False
Is 11821621 a composite number?
True
Is 5445773 composite?
False
Is 106012087 a prime number?
True
Is 186567569 composite?
True
Is 3666139 a prime number?
True
Is 6515161 a composite number?
True
Is 1575881 prime?
False
Is 14722363 a prime number?
True
Is 701814193 prime?
False
Is 2764997 composite?
True
Is 257093 composite?
False
Is 96282919 composite?
True
Is 126088219 a composite number?
True
Is 70902617 a composite number?
False
Is 53832161 a composite number?
False
Is 45160223 a composite number?
False
Is 69315949 a composite number?
False
Is 271344163 a composite number?
False
Is 45472459 a prime number?
True
Is 147277177 composite?
False
Is 62004017 a composite number?
False
Is 85650557 composite?
False
Is 1021814 a composite number?
True
Is 23238247 a prime number?
False
Is 6461869 composite?
False
Is 29261 composite?
True
Is 606220843 composite?
True
Is 7072579 composite?
True
Is 45959889 composite?
True
Is 240023983 prime?
True
Is 96198941 a prime number?
True
Is 11300743 prime?
True
Is 5875741 a prime number?
False
Is 2299229 a prime number?
True
Is 873023 a composite number?
True
Is 76161583 a composite number?
True
Is 125032286 a prime number?
False
Is 16060549 a prime number?
True
Is 270469 a prime number?
False
Is 6848347 a prime number?
False
Is 333423361 prime?
True
Is 589001111 prime?
False
Is 292753 a composite number?
False
Is 1584653 a composite number?
True
Is 12035103 prime?
False
Is 54043117 prime?
False
I